{"id":13,"date":"2015-01-27T11:54:55","date_gmt":"2015-01-27T11:54:55","guid":{"rendered":"https:\/\/avada.theme-fusion.com_demos\/travel\/?page_id=13"},"modified":"2025-01-23T16:06:12","modified_gmt":"2025-01-23T16:06:12","slug":"our-destinations","status":"publish","type":"page","link":"https:\/\/cci-rumonge.com\/?page_id=13","title":{"rendered":"Les activit\u00e9s du CCI"},"content":{"rendered":"<div class=\"fusion-fullwidth fullwidth-box fusion-builder-row-1 fusion-flex-container has-pattern-background has-mask-background nonhundred-percent-fullwidth non-hundred-percent-height-scrolling\" style=\"--awb-background-position:left top;--awb-border-sizes-top:0px;--awb-border-sizes-bottom:0px;--awb-border-sizes-left:0px;--awb-border-sizes-right:0px;--awb-border-radius-top-left:0px;--awb-border-radius-top-right:0px;--awb-border-radius-bottom-right:0px;--awb-border-radius-bottom-left:0px;--awb-padding-top:10px;--awb-padding-bottom:10px;--awb-margin-top:0px;--awb-background-color:var(--awb-color2);--awb-flex-wrap:wrap;\" ><div class=\"fusion-builder-row fusion-row fusion-flex-align-items-flex-start fusion-flex-content-wrap\" style=\"max-width:1216.8px;margin-left: calc(-4% \/ 2 );margin-right: calc(-4% \/ 2 );\"><div class=\"fusion-layout-column fusion_builder_column fusion-builder-column-0 fusion_builder_column_1_1 1_1 fusion-flex-column\" style=\"--awb-padding-right:-50px;--awb-padding-left:-50px;--awb-bg-size:cover;--awb-width-large:100%;--awb-margin-top-large:0px;--awb-spacing-right-large:0px;--awb-margin-bottom-large:20px;--awb-spacing-left-large:1.92%;--awb-width-medium:100%;--awb-order-medium:0;--awb-spacing-right-medium:1.92%;--awb-spacing-left-medium:1.92%;--awb-width-small:100%;--awb-order-small:0;--awb-spacing-right-small:1.92%;--awb-spacing-left-small:1.92%;\" data-scroll-devices=\"small-visibility,medium-visibility,large-visibility\"><div class=\"fusion-column-wrapper fusion-column-has-shadow fusion-flex-justify-content-flex-start fusion-content-layout-column\"><div class=\"fusion-separator fusion-full-width-sep\" style=\"align-self: center;margin-left: auto;margin-right: auto;margin-top:50px;width:100%;\"><\/div><div class=\"fusion-text fusion-text-1\"><h3>Le CCI est principalement actif dans 3 domaines :<\/h3>\n<ul>\n<li>\n<h3>Le <strong>Tourisme; <\/strong>autour du restaurant la Star<\/h3>\n<\/li>\n<li>\n<h3>L&rsquo;<strong>Investissement; <\/strong>la promotion de l&rsquo;\u00e9conomie locale en lien avec W2S Burundi<\/h3>\n<\/li>\n<li>\n<h3>Le <strong>Social<\/strong> par la formation dans diff\u00e9rents domaines et le soutien aux \u00e9tudiants boursiers ainsi qu&rsquo;aux familles d\u00e9favoris\u00e9es<\/h3>\n<\/li>\n<\/ul>\n<\/div><div style=\"text-align:center;\"><a class=\"fusion-button button-3d fusion-button-default-size button-default fusion-button-default button-1 fusion-button-default-span fusion-button-default-type\" target=\"_self\" href=\"https:\/\/cci-rumonge.com\/?page_id=16\"><span class=\"fusion-button-text awb-button__text awb-button__text--default\">Rapport du Pr\u00e9sident <\/span><\/a><\/div><div class=\"awb-gallery-wrapper awb-gallery-wrapper-1 button-span-no\" style=\"--more-btn-alignment:center;margin-top:50px;\" data-limit=\"10\" data-page=\"1\"><div style=\"margin:-10px;--awb-bordersize:0px;--awb-caption-title-color:var(--awb-color1);--awb-caption-title-size:20px;\" class=\"fusion-gallery fusion-gallery-container fusion-grid-3 fusion-columns-total-3 fusion-gallery-layout-grid fusion-gallery-1\"><div style=\"padding:10px;\" class=\"fusion-grid-column fusion-gallery-column fusion-gallery-column-3\"><div class=\"fusion-gallery-image awb-imageframe-style awb-imageframe-style-dario\"><a href=\"https:\/\/cci-rumonge.com\/?page_id=1702\" rel=\"noreferrer\" data-rel=\"iLightbox[gallery_image_1]\" class=\"fusion-lightbox\" target=\"_self\"><img decoding=\"async\" src=\"https:\/\/cci-rumonge.com\/wp-content\/uploads\/2024\/05\/DSC0344-scaled.jpg\" data-orig-src=\"https:\/\/cci-rumonge.com\/wp-content\/uploads\/2024\/05\/DSC0344-scaled.jpg\" width=\"2560\" height=\"1700\" alt=\"\" title=\"_DSC0344\" aria-label=\"_DSC0344\" class=\"lazyload img-responsive wp-image-1149\" srcset=\"data:image\/svg+xml,%3Csvg%20xmlns%3D%27http%3A%2F%2Fwww.w3.org%2F2000%2Fsvg%27%20width%3D%272560%27%20height%3D%271700%27%20viewBox%3D%270%200%202560%201700%27%3E%3Crect%20width%3D%272560%27%20height%3D%271700%27%20fill-opacity%3D%220%22%2F%3E%3C%2Fsvg%3E\" data-srcset=\"https:\/\/cci-rumonge.com\/wp-content\/uploads\/2024\/05\/DSC0344-200x133.jpg 200w, https:\/\/cci-rumonge.com\/wp-content\/uploads\/2024\/05\/DSC0344-400x266.jpg 400w, https:\/\/cci-rumonge.com\/wp-content\/uploads\/2024\/05\/DSC0344-600x399.jpg 600w, https:\/\/cci-rumonge.com\/wp-content\/uploads\/2024\/05\/DSC0344-800x531.jpg 800w, https:\/\/cci-rumonge.com\/wp-content\/uploads\/2024\/05\/DSC0344-1200x797.jpg 1200w, https:\/\/cci-rumonge.com\/wp-content\/uploads\/2024\/05\/DSC0344-scaled.jpg 2560w\" data-sizes=\"auto\" data-orig-sizes=\"(min-width: 2200px) 100vw, (min-width: 824px) 383px, (min-width: 732px) 575px, (min-width: 640px) 732px, \" \/><div class=\"awb-imageframe-caption-container\"><div class=\"awb-imageframe-caption\"><h1 class=\"awb-imageframe-caption-title\">LA STAR Restauration &amp; Hotel<\/h1><\/div><\/div><\/a><\/div><\/div><div style=\"padding:10px;\" class=\"fusion-grid-column fusion-gallery-column fusion-gallery-column-3\"><div class=\"fusion-gallery-image awb-imageframe-style awb-imageframe-style-dario\"><a href=\"https:\/\/cci-rumonge.com\/?page_id=1815\" rel=\"noreferrer\" data-rel=\"iLightbox[gallery_image_1]\" class=\"fusion-lightbox\" target=\"_self\"><img decoding=\"async\" src=\"https:\/\/cci-rumonge.com\/wp-content\/uploads\/2024\/06\/DSC0138-scaled.jpg\" data-orig-src=\"https:\/\/cci-rumonge.com\/wp-content\/uploads\/2024\/06\/DSC0138-scaled.jpg\" width=\"2560\" height=\"1700\" alt=\"\" title=\"_DSC0138\" aria-label=\"_DSC0138\" class=\"lazyload img-responsive wp-image-1290\" srcset=\"data:image\/svg+xml,%3Csvg%20xmlns%3D%27http%3A%2F%2Fwww.w3.org%2F2000%2Fsvg%27%20width%3D%272560%27%20height%3D%271700%27%20viewBox%3D%270%200%202560%201700%27%3E%3Crect%20width%3D%272560%27%20height%3D%271700%27%20fill-opacity%3D%220%22%2F%3E%3C%2Fsvg%3E\" data-srcset=\"https:\/\/cci-rumonge.com\/wp-content\/uploads\/2024\/06\/DSC0138-200x133.jpg 200w, https:\/\/cci-rumonge.com\/wp-content\/uploads\/2024\/06\/DSC0138-400x266.jpg 400w, https:\/\/cci-rumonge.com\/wp-content\/uploads\/2024\/06\/DSC0138-600x399.jpg 600w, https:\/\/cci-rumonge.com\/wp-content\/uploads\/2024\/06\/DSC0138-800x531.jpg 800w, https:\/\/cci-rumonge.com\/wp-content\/uploads\/2024\/06\/DSC0138-1200x797.jpg 1200w, https:\/\/cci-rumonge.com\/wp-content\/uploads\/2024\/06\/DSC0138-scaled.jpg 2560w\" data-sizes=\"auto\" data-orig-sizes=\"(min-width: 2200px) 100vw, (min-width: 824px) 383px, (min-width: 732px) 575px, (min-width: 640px) 732px, \" \/><div class=\"awb-imageframe-caption-container\"><div class=\"awb-imageframe-caption\"><h1 class=\"awb-imageframe-caption-title\">CCI Invest<\/h1><\/div><\/div><\/a><\/div><\/div><div style=\"padding:10px;\" class=\"fusion-grid-column fusion-gallery-column fusion-gallery-column-3\"><div class=\"fusion-gallery-image awb-imageframe-style awb-imageframe-style-dario\"><a href=\"https:\/\/cci-rumonge.com\/?page_id=1854\" rel=\"noreferrer\" data-rel=\"iLightbox[gallery_image_1]\" class=\"fusion-lightbox\" target=\"_self\"><img decoding=\"async\" src=\"https:\/\/cci-rumonge.com\/wp-content\/uploads\/2024\/06\/DSC0406-scaled.jpg\" data-orig-src=\"https:\/\/cci-rumonge.com\/wp-content\/uploads\/2024\/06\/DSC0406-scaled.jpg\" width=\"2560\" height=\"1700\" alt=\"\" title=\"_DSC0406\" aria-label=\"_DSC0406\" class=\"lazyload img-responsive wp-image-1289\" srcset=\"data:image\/svg+xml,%3Csvg%20xmlns%3D%27http%3A%2F%2Fwww.w3.org%2F2000%2Fsvg%27%20width%3D%272560%27%20height%3D%271700%27%20viewBox%3D%270%200%202560%201700%27%3E%3Crect%20width%3D%272560%27%20height%3D%271700%27%20fill-opacity%3D%220%22%2F%3E%3C%2Fsvg%3E\" data-srcset=\"https:\/\/cci-rumonge.com\/wp-content\/uploads\/2024\/06\/DSC0406-200x133.jpg 200w, https:\/\/cci-rumonge.com\/wp-content\/uploads\/2024\/06\/DSC0406-400x266.jpg 400w, https:\/\/cci-rumonge.com\/wp-content\/uploads\/2024\/06\/DSC0406-600x399.jpg 600w, https:\/\/cci-rumonge.com\/wp-content\/uploads\/2024\/06\/DSC0406-800x531.jpg 800w, https:\/\/cci-rumonge.com\/wp-content\/uploads\/2024\/06\/DSC0406-1200x797.jpg 1200w, https:\/\/cci-rumonge.com\/wp-content\/uploads\/2024\/06\/DSC0406-scaled.jpg 2560w\" data-sizes=\"auto\" data-orig-sizes=\"(min-width: 2200px) 100vw, (min-width: 824px) 383px, (min-width: 732px) 575px, (min-width: 640px) 732px, \" \/><div class=\"awb-imageframe-caption-container\"><div class=\"awb-imageframe-caption\"><h1 class=\"awb-imageframe-caption-title\">CCI Social<\/h1><\/div><\/div><\/a><\/div><\/div><div class=\"clearfix\"><\/div><\/div><\/div><\/div><\/div><\/div><\/div>\n","protected":false},"excerpt":{"rendered":"","protected":false},"author":2,"featured_media":1468,"parent":0,"menu_order":0,"comment_status":"closed","ping_status":"closed","template":"100-width.php","meta":{"footnotes":""},"class_list":["post-13","page","type-page","status-publish","has-post-thumbnail","hentry"],"_links":{"self":[{"href":"https:\/\/cci-rumonge.com\/index.php?rest_route=\/wp\/v2\/pages\/13","targetHints":{"allow":["GET"]}}],"collection":[{"href":"https:\/\/cci-rumonge.com\/index.php?rest_route=\/wp\/v2\/pages"}],"about":[{"href":"https:\/\/cci-rumonge.com\/index.php?rest_route=\/wp\/v2\/types\/page"}],"author":[{"embeddable":true,"href":"https:\/\/cci-rumonge.com\/index.php?rest_route=\/wp\/v2\/users\/2"}],"replies":[{"embeddable":true,"href":"https:\/\/cci-rumonge.com\/index.php?rest_route=%2Fwp%2Fv2%2Fcomments&post=13"}],"version-history":[{"count":34,"href":"https:\/\/cci-rumonge.com\/index.php?rest_route=\/wp\/v2\/pages\/13\/revisions"}],"predecessor-version":[{"id":1879,"href":"https:\/\/cci-rumonge.com\/index.php?rest_route=\/wp\/v2\/pages\/13\/revisions\/1879"}],"wp:featuredmedia":[{"embeddable":true,"href":"https:\/\/cci-rumonge.com\/index.php?rest_route=\/wp\/v2\/media\/1468"}],"wp:attachment":[{"href":"https:\/\/cci-rumonge.com\/index.php?rest_route=%2Fwp%2Fv2%2Fmedia&parent=13"}],"curies":[{"name":"wp","href":"https:\/\/api.w.org\/{rel}","templated":true}]}}